 + 0*v + 0*v**a + 1/3*v**3 + 15. Give t(-1).
-7
Let y(v) = v**3 + 2*v**2 - 11*v - 5. Let f be y(-4). Let a = f - 5. Let h(g) = 5 - 6 + 4 - a + 12*g. Calculate h(1).
13
Let o(i) be the third derivative of -i**6/120 - 3*i**5/20 - 3*i**4/8 + i**3/6 + 3*i**2. Suppose 0 = 7*m - 31 + 3. Suppose 8*l - m + 68 = 0. Determine o(l).
9
Let x(c) = 3*c + 2. Let r be 4/(-2)*4/(-8). Let k be x(r). Let z(g) = g + 1. Let u(w) = 4*w - 3. Let p(d) = -u(d) + 2*z(d). Give p(k).
-5
Let v(h) = 4*h - 8*h**2 - 5*h + h**3 + 7*h. Suppose 18*i + 1107 = 1233. Determine v(i).
-7
Suppose -35 = -65*n + 58*n. Let i(g) = 4*g + n*g - 4*g - 18 - 5*g - 2*g. Determine i(-11).
4
Let q be (-18)/(-4)*(((-80)/(-3))/(-5) - -6). Let g(j) be the first derivative of -j**3/3 - j**2/2 + 5*j + 1. Calculate g(q).
-7
Let k(i) = -i**2 + 6*i - 38. Let h(v) = -3*v**2 + 18*v - 115. Let x(u) = -6*h(u) + 17*k(u). Let n(b) be the first derivative of x(b). Give n(4).
2
Let w(h) be the third derivative of h**4/24 - 7*h**3/6 - 10*h**2 + 25*h. Suppose -46 = 5*d + 134. Let y be (-1)/(-2) - d/8. Calculate w(y).
-2
Let b(t) be the third derivative of t**4/24 - 16*t**3/3 - 2*t**2 + 2*t - 623. Calculate b(-29).
-61
Let f(n) = 4*n**3 + 9*n**2 + 27*n + 4. Let o(d) = -d**3 - d - 1. Let x(a) = f(a) + 5*o(a). Let y be x(11). Let p(h) = 12*h**3 + h**2. What is p(y)?
-11
Let r(f) be the third derivative of f**6/240 - f**5/12 - 3*f**4/8 - f**3/6 - 2*f**2 + 2*f. Let p(j) be the second derivative of r(j). What is p(9)?
17
Let a(l) be the second derivative of -11*l**3/3 - 11*l**2/2 + 2354*l. What is a(-2)?
33
Let k be 462/(-55) + 8 + (-34)/(-10). Let c(g) = -g**k + 169*g - 13 + 10*g**2 - 329*g + 173*g. Calculate c(11).
9
Let n be (-86)/9 - (5 - 164/36). Let w(g) = g**3 + 8*g**2 - 19*g + 16. Give w(n).
6
Let x(v) = v**3 - 4*v**2 - 61*v + 235. Let q be x(8). Let p(h) = h**3 - 3*h**2 - 1. Let d(u) = 1. Let j(w) = 6*d(w) + p(w). Calculate j(q).
5
Let m(z) = z**3 - 9*z**2 - 9*z - 12. Let p(a) = a + 8. Let g be p(6). Let h be (12/(-14))/(3 + (-44)/g). Let n = h + 4. Give m(n).
-2
Suppose 3*l - 4*u = 416, 5*l + 4*u = 864 - 224. Let k = l - 134. Let y(x) = x**2 + 2*x + 3. Give y(k).
3
Let a(w) = w**2 - 4*w. Let l(y) = -y**2 + 5*y. Let v(x) = 6*a(x) + 5*l(x). Suppose -2 = -4*s + 10, -4*s = 2*q - 8. Calculate v(q).
2
Let h = 1813 - 1810. Let k be (1 - -9)*(-3)/(-5). Suppose -21 = -k*q + h. Let g(d) = -d**2 - 3*d + 2. Determine g(q).
-26
Let a = -386 + 194. Let c = a - -196. Let g(m) = m**2 - 4*m - 3. Calculate g(c).
-3
Let l(k) = 7*k**3 - k**2 - 3. Let h(f) = -19*f**3 + 2*f**2 - f + 9. Let a(r) = -3*h(r) - 8*l(r). Let i be 3 - (6 - (1 + 4)). Give a(i).
19
Let a(m) = -2*m**2 - 13*m - 18. Let k be a(-2). Let r(b) = -11 + 7*b + 8 + 11 + b**2 + k*b**2. What is r(-7)?
8
Let f(h) = -33*h - 740. Let u be f(-23). Let t(g) = g**3 - 20*g**2 + 19*g - 8. What is t(u)?
-8
Let q(h) = h**2 + 3*h - 4. Let o = -15 + 23. Suppose -2*d + n - o = 0, d - 3*d = 2*n + 8. What is q(d)?
0
Suppose -14*i = -5804 + 5790. Let g(k) = -21*k**2 - 1. Let r(z) = -22*z**2 - 1. Let s(m) = 3*g(m) - 4*r(m). Determine s(i).
26
Let g(v) = -394 - 390 - 393 + 1214 + 32*v. What is g(-5)?
-123
Let z(j) = -j**3 - 37*j**2 - 146*j + 1245. Let a be z(-31). Let x(o) = -o**2 + 1. Let h(r) = -5*r**2 - 2*r - 5. Let g(p) = h(p) - 6*x(p). Determine g(a).
4
Let z(t) = 5554*t**2 + t - 16653*t**2 + 5552*t**2 + 2 + 5545*t**2. Let y = -1 + 4. Calculate z(y).
-13
Let p(w) = -3*w - 4. Suppose -8 = -h + 2*a, -4*h + 32 = h - 2*a. Suppose -h*s - 49 = -13. What is p(s)?
14
Let n(z) = 3 - 2 - 5*z**3 + 14284*z**2 + 11*z**3 - 14286*z**2 + z - 3*z**3 - 2*z**3. Suppose 5*k = 4*g + 15, 4*g - 2 + 5 = k. Give n(k).
13
Let r(l) = -6*l**2 + 6. Let d(n) = n**2 - 1. Let v(z) = z**2 - 1. Let k(g) = 6*d(g) - 4*v(g). Let w(u) = 10*k(u) + 3*r(u). What is w(2)?
6
Let p(b) = 15*b**3 + 10*b**2 - 26*b + 24. Let u(d) = 2*d**3 - 5*d + 4. Let n(x) = p(x) - 7*u(x). What is n(-9)?
-4
Let m = 44 + 81. Suppose -m = -4*o - 21. Let y(c) = o - 49 + c + 25. Calculate y(6).
8
Let n(f) = f**2 - 1. Let s(z) = -z**2 + 9*z + 113. Let y be s(-7). What is n(y)?
0
Suppose -20*t + 20 = -19*t - 3*b, -4*t = 5*b + 73. Let d(o) = -7*o + 0 + 2*o - 4. What is d(t)?
31
Suppose b + 5*w + 155 = 8, -3*w - 537 = 4*b. Let y = -2514 + 2640. Let a = b + y. Let v(j) = 2*j + 3. Determine v(a).
-9
Let d(q) = -20*q**3 + 45*q**2 + 144*q - 14. Let h be d(4). Let k(t) be the second derivative of 0 - 3/2*t**2 + 2*t + 4/3*t**3. What is k(h)?
13
Let g(p) = -p**3 + 2*p**2 + 3*p. Let h(o) be the second derivative of -o**4/12 - 8*o**3/3 - 45*o**2/2 - o - 8. Let v be h(-12). Calculate g(v).
0
Suppose -2*f = 5*x - 45, -f + 4*f - 22 = -x. Let g(y) = 5*y - 34. Give g(x).
1
Let i(g) be the first derivative of g**4/4 - 7*g**3/3 + 13*g + 6392. Determine i(5).
-37
Let x(k) = -2*k - 17. Suppose -4*o - 23 = 5*q - 6*q, -2*o + 2 = 4*q. What is x(o)?
-7
Let i(w) = w**2 + 14*w - 1. Let x(h) = h**3 + 70*h**2 + 73*h + 265. Let t be x(-69). Calculate i(t).
-34
Suppose 5*f - 7 = -3*i, 0 = -138*i + 142*i - 5*f - 21. Let h(c) = c**3 - 7*c**2 + 5*c + 4. Calculate h(i).
-24
Let g be (-3325)/14 - (1 + (-9)/6). Let m = -235 - g. Let d(x) = -2*x**2 - 2*x + 2. Calculate d(m).
-10
Suppose 0 = -4*k + 2*k + 4. Let u(x) = x - 18*x**2 + x**2 - k*x. Suppose -3*g - 23*g + 49*g - 23 = 0. What is u(g)?
-18
Let y(s) be the first derivative of -s**3/3 - 3*s**2/2 + 1. Let p(x) = -x**2 - 29*x + 76. Let q be p(-31). Suppose -q*o - 41 = 29. Calculate y(o).
-10
Let w(m) = 3*m**2 + 59*m + 33. Let f be w(-17). Let d = f + 94. Let h(c) = c**3 + 9*c**2 - 2*c + 2. Determine h(d).
20
Let r(x) = -14*x - 3. Suppose -z - 3*i + 165 = 0, 3*z + i = -i + 481. Let u = z - 161. What is r(u)?
25
Let y(h) = -4*h**2 - 13*h - 15. Suppose -3*x + 43 = 22. Let w(p) = 9*p**2 + 27*p + 32. Let f(c) = x*y(c) + 3*w(c). Determine f(-6).
15
Let p(g) = g**2 + 11*g - 5. Suppose -2*w + 6*w - 3*q - 22 = 0, 4*w = -5*q + 6. Suppose 0 = 3*z - c + 38, -z - 5*c = w*z + 70. Give p(z).
21
Let c(b) = 5*b - 195. Let z(i) = -15*i + 595. Let o(s) = -16*c(s) - 5*z(s). Determine o(29).
0
Let z(c) = 9*c**2 - 16*c + 3. Let m(b) = 16*b**2 - 29*b + 5. Let y(k) = 4*m(k) - 7*z(k). Give y(3).
-4
Let u be (8/6)/((-6)/(-18)). Suppose -u*j + 105 = 101. Let b(y) = -7*y**2 + 2*y - 1. Give b(j).
-6
Let w(i) = 4*i**2 - 91*i + 526. Let p be w(12). Let n(b) = b**2 - 10*b + 16. Determine n(p).
16
Suppose -5*d + 5*m - 9 = 6, -5*d + m = -5. Let q(k) = 22 + k - 15 - k - 9 - d*k. Let b(y) = y**2 - y - 2. Let a be b(3). Determine q(a).
-10
Let k(c) = -16*c + 69. Suppose 36*q = 627 - 375. Determine k(q).
-43
Let l(n) = 13*n**3 - 152*n**2 + 11*n + 9. Let f(x) = -5*x**3 + 57*x**2 - 4*x - 3. Let p(k) = -8*f(k) - 3*l(k). Give p(0).
-3
Let h(r) = r**3 - 10*r**2 + 8*r + 10. Let q(f) be the third derivative of f**4/24 + 17*f**3/3 - 129*f**2. Let d be q(-25). Calculate h(d).
1
Let b(g) = -2*g**3 + 57*g**2 + 29*g - 3. Let a = -675 + 704. What is b(a)?
-3
Let o be (10/(-3))/((-9)/(-27)). Let u be (-2)/5 + 26/o + 8. Let b(p) = p**2 - 2*p - 7. Determine b(u).
8
Let b(c) = c**2 - 29*c - 121. Suppose 154*f - 300*f = -144*f - 66. Calculate b(f).
11
Let q be (5/4 - -1)/(24/(-448)). Let p = 51 + q. Suppose -p*v - 15 = 12. Let y(r) = -r**3 - 3*r**2 - 5*r - 2. Calculate y(v).
13
Let u = 36 + -5. Suppose 0 = -3*v + u + 20. Suppose 7*j + v = 10. Let x(b) = 4*b + 1. Determine x(j).
-3
Let k(l) be the third derivative of 23*l**4/24 - l**3/2 - 2*l**2 - 30. Let m(i) = -28*i + 3. Let q(z) = -5*k(z) - 4*m(z). Give q(6).
-15
Suppose -126*v + 364 + 3668 = 0. Let h(x) = 3*x**2 - 4*x - 1. Let a be h(3). Suppose a = 9*q + v. Let i(g) = -2*g**2 - 2*g + 1. Give i(q).
-3
Let k = 156 - 152. Suppose -i + 5*y + 6 = 0, k*i = -2*y + 8 + 16. Let z(v) = -v**2 + v + 2. Let h(q) = q - 1. Let g(f) = 4*h(f) + z(f). What is g(i)?
-8
Let z = -19 + 12. Let i(c) = -c**3 - 12*c**2 - 5*c + 2. Let q(y) = y**3 + 9*y**2 - y. Let k(w) = -i(w) - 2*q(w). Calculate k(z).
-2
Suppose 5*i - 99 - 121 = 0. Let g(f) = -50 + f - i + 96. Calculate g(2).
4
Let c(l) = -l**2 - 8*l - 1. Suppose 3 = 3*d + 2*s + 4, -3*d + 34 = -5*s. Suppose 35 = -4*a + v, -d*a - 5*v + 5 = 14. Give c(a).
-1
Let o(p) = -p**2 + 7*p - 11. Let y = -589 - -722. Suppose y*w + 8 = 135*w. Give o(w).
1
Let l(n) = -n - 5. Suppose -187*a = -189*a - 200. Let i be -8